{"id":1037,"date":"2021-07-28T11:50:05","date_gmt":"2021-07-28T08:50:05","guid":{"rendered":"https:\/\/www.luviland.co.uk\/index.php\/product-consultancy\/"},"modified":"2021-08-10T10:26:35","modified_gmt":"2021-08-10T07:26:35","slug":"urun-danismanligi","status":"publish","type":"page","link":"https:\/\/www.luviland.co.uk\/index.php\/urun-danismanligi\/?lang=tr","title":{"rendered":"\u00dcR\u00dcN DANI\u015eMANLI\u011eI"},"content":{"rendered":"<p>[vc_row][vc_column][vc_column_text]<\/p>\n<h3 style=\"text-align: center;\">\u00dcR\u00dcN DANI\u015eMANLI\u011eI NED\u0130R?<\/h3>\n<p>&nbsp;<\/p>\n<p>\u00dcretici, ihracat\u00e7\u0131, ithalat\u00e7\u0131 veya sat\u0131c\u0131 olabilirsiniz. Her hal\u00fckarda yabanc\u0131 kaynaklardan yararlanmak ve onlarla i\u015fbirli\u011fi yapmak i\u015finizi geli\u015ftirecek ve gelirlerinizi art\u0131racakt\u0131r. \u0130htiyac\u0131n\u0131z olan \u00fcr\u00fcn\u00fc do\u011fru anlamak ve do\u011fru kayna\u011fa ula\u015fmak, siz stresten uzak dururken, zamandan ve paradan tasarruf etmenizi sa\u011flar.<\/p>\n<p>Luviland Limited, ihtiya\u00e7lar\u0131n\u0131z\u0131 do\u011fru analiz eder ve kendi g\u00fc\u00e7l\u00fc kaynaklar\u0131 ile \u00e7\u00f6z\u00fcm \u00fcretebilece\u011fi konularda size de\u011ferli \u00fcr\u00fcnler sunar. \u00d6rne\u011fin, firman\u0131z i\u00e7in \u00f6zel markal\u0131 bir \u00fcr\u00fcn \u00fcretmek istiyorsan\u0131z, Luviland \u00fcr\u00fcnlerinize g\u00f6re do\u011fru \u00fclke ve \u00fcreticiyi sunabilir. Yada \u00fcretiminiz i\u00e7in bir hammaddeye ihtiya\u00e7 duyuyorsan\u0131z bunu size farkl\u0131 kaynaklardan \u00f6nerebilir.<\/p>\n<p>Bunun d\u0131\u015f\u0131nda Luviland Limited, \u00fcr\u00fcn ve fiyat ara\u015ft\u0131rmas\u0131 ile birlikte , istenilen \u00fcr\u00fcn\u00fcn \u015firketin \u00fclkesine sevkiyat\u0131na kadar olan t\u00fcm s\u00fcre\u00e7te ki \u00fcr\u00fcn g\u00f6zetimi ve \u00fcr\u00fcn kontrol\u00fc i\u00e7in size hizmet verebilir.<\/p>\n<p>Ek olarak, Luviland Limited, kaynak \u00fclkede uluslararas\u0131 kabul g\u00f6rm\u00fc\u015f ilkelere g\u00f6re ilgili otoriteler taraf\u0131ndan onaylanm\u0131\u015f ve resmi olarak damgalanm\u0131\u015f veri sayfalar\u0131, teknik bilgiler, kataloglar, Bro\u015f\u00fcrler, inceleme ve analiz sertifikalar\u0131n\u0131 size sa\u011flayabilir.[\/vc_column_text][\/vc_column][\/vc_row]<\/p>\n","protected":false},"excerpt":{"rendered":"<p>[vc_row][vc_column][vc_column_text] \u00dcR\u00dcN DANI\u015eMANLI\u011eI NED\u0130R? &nbsp; \u00dcretici, ihracat\u00e7\u0131, ithalat\u00e7\u0131 veya sat\u0131c\u0131 olabilirsiniz. Her hal\u00fckarda yabanc\u0131 kaynaklardan yararlanmak ve onlarla i\u015fbirli\u011fi yapmak i\u015finizi geli\u015ftirecek ve gelirlerinizi art\u0131racakt\u0131r. \u0130htiyac\u0131n\u0131z olan \u00fcr\u00fcn\u00fc do\u011fru anlamak ve do\u011fru kayna\u011fa ula\u015fmak, siz stresten uzak dururken, zamandan ve paradan tasarruf etmenizi sa\u011flar. Luviland Limited, ihtiya\u00e7lar\u0131n\u0131z\u0131 do\u011fru analiz eder ve kendi g\u00fc\u00e7l\u00fc kaynaklar\u0131 ile [&hellip;]<\/p>\n","protected":false},"author":1,"featured_media":0,"parent":0,"menu_order":0,"comment_status":"closed","ping_status":"closed","template":"","meta":{"footnotes":""},"_links":{"self":[{"href":"https:\/\/www.luviland.co.uk\/index.php\/wp-json\/wp\/v2\/pages\/1037"}],"collection":[{"href":"https:\/\/www.luviland.co.uk\/index.php\/wp-json\/wp\/v2\/pages"}],"about":[{"href":"https:\/\/www.luviland.co.uk\/index.php\/wp-json\/wp\/v2\/types\/page"}],"author":[{"embeddable":true,"href":"https:\/\/www.luviland.co.uk\/index.php\/wp-json\/wp\/v2\/users\/1"}],"replies":[{"embeddable":true,"href":"https:\/\/www.luviland.co.uk\/index.php\/wp-json\/wp\/v2\/comments?post=1037"}],"version-history":[{"count":3,"href":"https:\/\/www.luviland.co.uk\/index.php\/wp-json\/wp\/v2\/pages\/1037\/revisions"}],"predecessor-version":[{"id":1041,"href":"https:\/\/www.luviland.co.uk\/index.php\/wp-json\/wp\/v2\/pages\/1037\/revisions\/1041"}],"wp:attachment":[{"href":"https:\/\/www.luviland.co.uk\/index.php\/wp-json\/wp\/v2\/media?parent=1037"}],"curies":[{"name":"wp","href":"https:\/\/api.w.org\/{rel}","templated":true}]}}